f 323264?
6
What is the hundred thousands digit of 16560192?
5
What is the ten thousands digit of 1684984?
8
What is the thousands digit of 75534?
5
What is the thousands digit of 38520?
8
What is the hundreds digit of 573433?
4
What is the hundred thousands digit of 2860903?
8
What is the thousands digit of 3342098?
2
What is the tens digit of 2357039?
3
What is the hundred thousands digit of 226486?
2
What is the thousands digit of 6712679?
2
What is the hundred thousands digit of 1402356?
4
What is the hundred thousands digit of 1591598?
5
What is the hundred thousands digit of 8061800?
0
What is the hundred thousands digit of 6231099?
2
What is the units digit of 2876914?
4
What is the hundred thousands digit of 414479?
4
What is the ten thousands digit of 2036307?
3
What is the tens digit of 27446052?
5
What is the hundreds digit of 60129?
1
What is the ten thousands digit of 4760266?
6
What is the hundreds digit of 7975256?
2
What is the hundred thousands digit of 3567950?
5
What is the ten thousands digit of 90272?
9
What is the hundred thousands digit of 20480349?
4
What is the hundred thousands digit of 1022142?
0
What is the ten thousands digit of 21514359?
1
What is the thousands digit of 6548970?
8
What is the hundreds digit of 339806?
8
What is the tens digit of 209275?
7
What is the thousands digit of 1134637?
4
What is the ten thousands digit of 493070?
9
What is the hundreds digit of 473491?
4
What is the hundred thousands digit of 1556419?
5
What is the thousands digit of 752770?
2
What is the thousands digit of 561724?
1
What is the hundreds digit of 2726737?
7
What is the thousands digit of 18742?
8
What is the tens digit of 11417972?
7
What is the tens digit of 5003705?
0
What is the thousands digit of 19118094?
8
What is the ten millions digit of 23049599?
2
What is the thousands digit of 457655?
7
What is the thousands digit of 485343?
5
What is the hundred thousands digit of 1495275?
4
What is the units digit of 613796?
6
What is the ten thousands digit of 361754?
6
What is the ten thousands digit of 116828?
1
What is the thousands digit of 255825?
5
What is the thousands digit of 15727779?
7
What is the thousands digit of 1317055?
7
What is the millions digit of 1013557?
1
What is the millions digit of 5829949?
5
What is the hundreds digit of 12370991?
9
What is the millions digit of 5802945?
5
What is the thousands digit of 1753178?
3
What is the thousands digit of 871477?
1
What is the hundred thousands digit of 452841?
4
What is the hundred thousands digit of 161227?
1
What is the units digit of 275301?
1
What is the units digit of 281734?
4
What is the units digit of 5060997?
7
What is the units digit of 7965596?
6
What is the hundreds digit of 373381?
3
What is the tens digit of 250197?
9
What is the tens digit of 37919735?
3
What is the units digit of 335810?
0
What is the ten thousands digit of 2777558?
7
What is the millions digit of 1028205?
1
What is the ten thousands digit of 2539438?
3
What is the units digit of 25743?
3
What is the units digit of 10738123?
3
What is the hundred thousands digit of 744033?
7
What is the ten thousands digit of 242560?
4
What is the ten millions digit of 19750788?
1
What is the thousands digit of 108457?
8
What is the hundred thousands digit of 186064?
1
What is the hundred thousands digit of 1482153?
4
What is the hundred thousands digit of 8171244?
1
What is the ten thousands digit of 538432?
3
What is the thousands digit of 4679917?
9
What is the units digit of 1291915?
5
What is the ten thousands digit of 539658?
3
What is the hundreds digit of 11183369?
3
What is the ten thousands digit of 9566013?
6
What is the units digit of 2750342?
2
What is the hundred thousands digit of 270987?
2
What is the hundred thousands digit of 12744587?
7
What is the tens digit of 10131313?
1
What is the ten thousands digit of 22543876?
4
What is the units digit of 61345?
5
What is the thousands digit of 458474?
8
What is the thousands digit of 5714087?
4
What is the hundreds digit of 3413727?
7
What is the units digit of 101973?
3
What is the hundred thousands digit of 743477?
7
What is the ten thousands digit of 98780?
9
What is the thousands digit of 11964185?
4
What is the hundreds digit of 80288?
2
What is the units digit of 4423995?
5
What is the hundreds digit of 64713?
7
What is the thousands digit of 772541?
2
What is the thousands digit of 4782902?
2
What is the hundreds digit of 316687?
6
What is the units digit of 312727?
7
What is the hundreds digit of 619702?
7
What is the thousands digit of 371199?
1
What is the thousands digit of 12412382?
2
What is the hundreds digit of 188920?
9
What is the tens digit of 28631?
3
What is the units digit of 350180?
0
What is the thousands digit of 612025?
2
What is the thousands digit of 3484567?
4
What is the units digit of 65184?
4
What is the hundreds digit of 506332?
3
What is the tens digit of 9902978?
7
What is the units digit of 6707?
7
What is the hundreds digit of 1790822?
8
What is the hundred thousands digit of 2729030?
7
What is the ten thousands digit of 325884?
2
What is the hundred thousands digit of 7201650?
2
What is the ten thousands digit of 64072?
6
What is the thousands digit of 7032007?
2
What is the units digit of 32001?
1
What is the hundred thousands digit of 3239279?
2
What is the hundreds digit of 657485?
4
What is the hundreds digit of 3138271?
2
What is the hundreds digit of 1306626?
6
What is the hundred thousands digit of 5971624?
9
What is the ten thousands digit of 27368046?
6
What is the units digit of 1147743?
3
What is the millions digit of 1081184?
1
What is the hundred thousands digit of 545498?
5
What is the ten thousands digit of 972488?
7
What is the ten thousands digit of 1647593?
4
What is the hundreds digit of 1341297?
2
What is the thousands digit of 1937865?
7
What is the hundreds digit of 281856?
8
What is the tens digit of 8723210?
1
What is the ten thousands digit of 61800?
6
What is the tens digit of 248708?
0
What is the tens digit of 330682?
8
What is the millions digit of 11927669?
1
What is the hundreds digit of 15257731?
7
What is the hundreds digit of 748691?
6
What is the tens digit of 48000?
0
What is the ten thousands digit of 633430?
3
What is the thousands digit of 3031102?
1
What is the units digit of 9279784?
4
What is the hundreds digit of 13936684?
6
What is the ten thousands digit of 229114?
2
What is the tens digit of 160004?
0
What is the hundred thousands digit of 2466471?
4
What is the ten thousands digit of 2803270?
0
What is the tens digit of 371717?
1
What is the hundreds digit of 1390121?
1
What is the thousands digit of 10759904?
9
What is the hundreds digit of 33663122?
1
What is the hundreds digit of 215630?
6
What is the tens digit of 315072?
7
What is the hundreds digit of 311673?
6
What is the hundred thousands digit of 693663?
6
What is the thousands digit of 246497?
6
What is the tens digit of 1124481?
8
What is the hundreds digit of 28581?
5
What is the hundred thousands digit of 6537117?
5
What is the millions digit of 1091042?
1
What is the ten thousands digit of 145029?
4
What is the tens digit of 85242?
4
What is the tens digit of 130929?
2
What is the ten thousands digit of 6464886?
6
What is the hundred thousands digit of 696812?
6
What is the ten thousands digit of 6412253?
1
What is the ten thousands digit of 81862?
8
What is the units digit of 63321?
1
What is the tens digit of 16344346?
4
What is the hundred thousands digit of 5085675?
0
What is the units digit of 138983?
3
What is the thousands digit of 334018?
4
What is the ten thousands digit of 333635?
3
What is the units digit of 206834?
4
What is the millions digit of 8563169?
8
What is the millions digit of 4936748?
4
What is the tens digit of 143424?
2
What is the hundreds digit of 507432?
4
What is the ten millions digit of 17766459?
1
What is the units digit of 4324196?
6
What is the thousands digit of 49458?
9
What is the hundreds digit of 840589?
5
What is the units digit of 2686105?
5
What is the ten millions digit of 13766022?
1
What is the ten thousands digit of 321374?
2
What is the thousands digit of 959936?
9
What is the hundreds digit of 685130?
1
What is the ten thousands digi